{"id":7,"date":"2020-09-29T05:58:23","date_gmt":"2020-09-29T05:58:23","guid":{"rendered":"http:\/\/hapylukevn.com\/?page_id=7"},"modified":"2024-05-30T07:02:35","modified_gmt":"2024-05-30T07:02:35","slug":"happyluke-hp","status":"publish","type":"page","link":"https:\/\/hapylukevn.com\/","title":{"rendered":"HappyLuke HP"},"content":{"rendered":"\t\t<div data-elementor-type=\"wp-page\" data-elementor-id=\"7\" class=\"elementor elementor-7\">\n\t\t\t\t\t\t<section class=\"elementor-section elementor-top-section elementor-element elementor-element-5bf228c7 elementor-section-boxed elementor-section-height-default elementor-section-height-default\" data-id=\"5bf228c7\" data-element_type=\"section\" data-e-type=\"section\">\n\t\t\t\t\t\t<div class=\"elementor-container elementor-column-gap-default\">\n\t\t\t\t\t<div class=\"elementor-column elementor-col-100 elementor-top-column elementor-element elementor-element-3f22d83b\" data-id=\"3f22d83b\" data-element_type=\"column\" data-e-type=\"column\">\n\t\t\t<div class=\"elementor-widget-wrap elementor-element-populated\">\n\t\t\t\t\t\t<div class=\"elementor-element elementor-element-1b25c120 elementor-widget elementor-widget-text-editor\" data-id=\"1b25c120\" data-element_type=\"widget\" data-e-type=\"widget\" data-widget_type=\"text-editor.default\">\n\t\t\t\t<div class=\"elementor-widget-container\">\n\t\t\t\t\t\t\t\t\t<p><a href=\"https:\/\/www.spinvui.com\/\"><br \/><img fetchpriority=\"high\" decoding=\"async\" src=\"https:\/\/hapylukevn.com\/wp-content\/uploads\/2020\/09\/happy-luke_logo-1.png\" sizes=\"(max-width: 620px) 100vw, 620px\" srcset=\"https:\/\/hapylukevn.com\/wp-content\/uploads\/2020\/09\/happy-luke_logo-1.png 620w, https:\/\/hapylukevn.com\/wp-content\/uploads\/2020\/09\/happy-luke_logo-1-300x126.png 300w\" alt=\"\" width=\"620\" height=\"260\" \/> <\/a><\/p><p>1. NH\u1eacN 150% TI\u1ec0N TH\u01af\u1edeNG CH\u00c0O M\u1eeaNG L\u00caN T\u1edaI 11.500.000<\/p><p>2. NH\u1eacN TH\u01af\u1edeNG 60K MI\u1ec4N PH\u00cd CHO TH\u00c0NH VI\u00caN M\u1edaI THAM GIA HAPPYLUKE<\/p><p>3. 500,000 USD SI\u00caU TH\u01af\u1edeNG M\u1ed6I TU\u1ea6N<\/p><h1>\u0110\u0102NG K\u00dd V\u00c0 NH\u1eacN NGAY TI\u1ec0N TH\u01af\u1edeNG<\/h1><h1><a href=\"https:\/\/record.income88.com\/_bB524wg0cQ48TL4kmJ7MEGNd7ZgqdRLk\/1\/\"><button type=\"submit\">\u0110\u0102NG K\u00dd<\/button><\/a><\/h1>\t\t\t\t\t\t\t\t<\/div>\n\t\t\t\t<\/div>\n\t\t\t\t\t<\/div>\n\t\t<\/div>\n\t\t\t\t\t<\/div>\n\t\t<\/section>\n\t\t\t\t<\/div>\n\t\t","protected":false},"excerpt":{"rendered":"<p>1. NH\u1eacN 150% TI\u1ec0N TH\u01af\u1edeNG CH\u00c0O M\u1eeaNG L\u00caN T\u1edaI 11.500.000 2. NH\u1eacN TH\u01af\u1edeNG 60K MI\u1ec4N PH\u00cd CHO TH\u00c0NH VI\u00caN M\u1edaI THAM GIA HAPPYLUKE 3. 500,000 USD SI\u00caU TH\u01af\u1edeNG M\u1ed6I TU\u1ea6N \u0110\u0102NG K\u00dd V\u00c0 NH\u1eacN NGAY TI\u1ec0N TH\u01af\u1edeNG \u0110\u0102NG K\u00dd<\/p>\n","protected":false},"author":1,"featured_media":0,"parent":0,"menu_order":0,"comment_status":"closed","ping_status":"closed","template":"elementor_header_footer","meta":{"footnotes":""},"class_list":["post-7","page","type-page","status-publish","hentry","entry"],"yoast_head":"<!-- This site is optimized with the Yoast SEO plugin v27.5 - https:\/\/yoast.com\/product\/yoast-seo-wordpress\/ -->\n<title>HappyLuke HP - Nh\u00e0 c\u00e1i Happyluke Vietnam<\/title>\n<meta name=\"robots\" content=\"index, follow, max-snippet:-1, max-image-preview:large, max-video-preview:-1\" \/>\n<link rel=\"canonical\" href=\"https:\/\/hapylukevn.com\/\" \/>\n<meta property=\"og:locale\" content=\"en_US\" \/>\n<meta property=\"og:type\" content=\"article\" \/>\n<meta property=\"og:title\" content=\"HappyLuke HP - Nh\u00e0 c\u00e1i Happyluke Vietnam\" \/>\n<meta property=\"og:description\" content=\"1. NH\u1eacN 150% TI\u1ec0N TH\u01af\u1edeNG CH\u00c0O M\u1eeaNG L\u00caN T\u1edaI 11.500.000 2. NH\u1eacN TH\u01af\u1edeNG 60K MI\u1ec4N PH\u00cd CHO TH\u00c0NH VI\u00caN M\u1edaI THAM GIA HAPPYLUKE 3. 500,000 USD SI\u00caU TH\u01af\u1edeNG M\u1ed6I TU\u1ea6N \u0110\u0102NG K\u00dd V\u00c0 NH\u1eacN NGAY TI\u1ec0N TH\u01af\u1edeNG \u0110\u0102NG K\u00dd\" \/>\n<meta property=\"og:url\" content=\"https:\/\/hapylukevn.com\/\" \/>\n<meta property=\"og:site_name\" content=\"Nh\u00e0 c\u00e1i Happyluke Vietnam\" \/>\n<meta property=\"article:modified_time\" content=\"2024-05-30T07:02:35+00:00\" \/>\n<meta property=\"og:image\" content=\"https:\/\/hapylukevn.com\/wp-content\/uploads\/2020\/09\/happy-luke_logo-1.png\" \/>\n<meta name=\"twitter:card\" content=\"summary_large_image\" \/>\n<script type=\"application\/ld+json\" class=\"yoast-schema-graph\">{\"@context\":\"https:\\\/\\\/schema.org\",\"@graph\":[{\"@type\":\"WebPage\",\"@id\":\"https:\\\/\\\/hapylukevn.com\\\/\",\"url\":\"https:\\\/\\\/hapylukevn.com\\\/\",\"name\":\"HappyLuke HP - Nh\u00e0 c\u00e1i Happyluke Vietnam\",\"isPartOf\":{\"@id\":\"https:\\\/\\\/hapylukevn.com\\\/#website\"},\"primaryImageOfPage\":{\"@id\":\"https:\\\/\\\/hapylukevn.com\\\/#primaryimage\"},\"image\":{\"@id\":\"https:\\\/\\\/hapylukevn.com\\\/#primaryimage\"},\"thumbnailUrl\":\"https:\\\/\\\/hapylukevn.com\\\/wp-content\\\/uploads\\\/2020\\\/09\\\/happy-luke_logo-1.png\",\"datePublished\":\"2020-09-29T05:58:23+00:00\",\"dateModified\":\"2024-05-30T07:02:35+00:00\",\"breadcrumb\":{\"@id\":\"https:\\\/\\\/hapylukevn.com\\\/#breadcrumb\"},\"inLanguage\":\"en-US\",\"potentialAction\":[{\"@type\":\"ReadAction\",\"target\":[\"https:\\\/\\\/hapylukevn.com\\\/\"]}]},{\"@type\":\"ImageObject\",\"inLanguage\":\"en-US\",\"@id\":\"https:\\\/\\\/hapylukevn.com\\\/#primaryimage\",\"url\":\"https:\\\/\\\/hapylukevn.com\\\/wp-content\\\/uploads\\\/2020\\\/09\\\/happy-luke_logo-1.png\",\"contentUrl\":\"https:\\\/\\\/hapylukevn.com\\\/wp-content\\\/uploads\\\/2020\\\/09\\\/happy-luke_logo-1.png\",\"width\":620,\"height\":260},{\"@type\":\"BreadcrumbList\",\"@id\":\"https:\\\/\\\/hapylukevn.com\\\/#breadcrumb\",\"itemListElement\":[{\"@type\":\"ListItem\",\"position\":1,\"name\":\"Home\",\"item\":\"https:\\\/\\\/hapylukevn.com\\\/\"},{\"@type\":\"ListItem\",\"position\":2,\"name\":\"HappyLuke HP\"}]},{\"@type\":\"WebSite\",\"@id\":\"https:\\\/\\\/hapylukevn.com\\\/#website\",\"url\":\"https:\\\/\\\/hapylukevn.com\\\/\",\"name\":\"Nh\u00e0 c\u00e1i Happyluke Vietnam\",\"description\":\"TRANG CASINO ONLINE C\u00c1 \u0110\u1ed8 B\u00d3NG \u0110\u00c1 UY T\u00cdN V\u00c0 H\u1ee2P PH\u00c1P T\u1ea0I VI\u1ec6T NAM\",\"potentialAction\":[{\"@type\":\"SearchAction\",\"target\":{\"@type\":\"EntryPoint\",\"urlTemplate\":\"https:\\\/\\\/hapylukevn.com\\\/?s={search_term_string}\"},\"query-input\":{\"@type\":\"PropertyValueSpecification\",\"valueRequired\":true,\"valueName\":\"search_term_string\"}}],\"inLanguage\":\"en-US\"}]}<\/script>\n<!-- \/ Yoast SEO plugin. -->","yoast_head_json":{"title":"HappyLuke HP - Nh\u00e0 c\u00e1i Happyluke Vietnam","robots":{"index":"index","follow":"follow","max-snippet":"max-snippet:-1","max-image-preview":"max-image-preview:large","max-video-preview":"max-video-preview:-1"},"canonical":"https:\/\/hapylukevn.com\/","og_locale":"en_US","og_type":"article","og_title":"HappyLuke HP - Nh\u00e0 c\u00e1i Happyluke Vietnam","og_description":"1. NH\u1eacN 150% TI\u1ec0N TH\u01af\u1edeNG CH\u00c0O M\u1eeaNG L\u00caN T\u1edaI 11.500.000 2. NH\u1eacN TH\u01af\u1edeNG 60K MI\u1ec4N PH\u00cd CHO TH\u00c0NH VI\u00caN M\u1edaI THAM GIA HAPPYLUKE 3. 500,000 USD SI\u00caU TH\u01af\u1edeNG M\u1ed6I TU\u1ea6N \u0110\u0102NG K\u00dd V\u00c0 NH\u1eacN NGAY TI\u1ec0N TH\u01af\u1edeNG \u0110\u0102NG K\u00dd","og_url":"https:\/\/hapylukevn.com\/","og_site_name":"Nh\u00e0 c\u00e1i Happyluke Vietnam","article_modified_time":"2024-05-30T07:02:35+00:00","og_image":[{"url":"https:\/\/hapylukevn.com\/wp-content\/uploads\/2020\/09\/happy-luke_logo-1.png","type":"","width":"","height":""}],"twitter_card":"summary_large_image","schema":{"@context":"https:\/\/schema.org","@graph":[{"@type":"WebPage","@id":"https:\/\/hapylukevn.com\/","url":"https:\/\/hapylukevn.com\/","name":"HappyLuke HP - Nh\u00e0 c\u00e1i Happyluke Vietnam","isPartOf":{"@id":"https:\/\/hapylukevn.com\/#website"},"primaryImageOfPage":{"@id":"https:\/\/hapylukevn.com\/#primaryimage"},"image":{"@id":"https:\/\/hapylukevn.com\/#primaryimage"},"thumbnailUrl":"https:\/\/hapylukevn.com\/wp-content\/uploads\/2020\/09\/happy-luke_logo-1.png","datePublished":"2020-09-29T05:58:23+00:00","dateModified":"2024-05-30T07:02:35+00:00","breadcrumb":{"@id":"https:\/\/hapylukevn.com\/#breadcrumb"},"inLanguage":"en-US","potentialAction":[{"@type":"ReadAction","target":["https:\/\/hapylukevn.com\/"]}]},{"@type":"ImageObject","inLanguage":"en-US","@id":"https:\/\/hapylukevn.com\/#primaryimage","url":"https:\/\/hapylukevn.com\/wp-content\/uploads\/2020\/09\/happy-luke_logo-1.png","contentUrl":"https:\/\/hapylukevn.com\/wp-content\/uploads\/2020\/09\/happy-luke_logo-1.png","width":620,"height":260},{"@type":"BreadcrumbList","@id":"https:\/\/hapylukevn.com\/#breadcrumb","itemListElement":[{"@type":"ListItem","position":1,"name":"Home","item":"https:\/\/hapylukevn.com\/"},{"@type":"ListItem","position":2,"name":"HappyLuke HP"}]},{"@type":"WebSite","@id":"https:\/\/hapylukevn.com\/#website","url":"https:\/\/hapylukevn.com\/","name":"Nh\u00e0 c\u00e1i Happyluke Vietnam","description":"TRANG CASINO ONLINE C\u00c1 \u0110\u1ed8 B\u00d3NG \u0110\u00c1 UY T\u00cdN V\u00c0 H\u1ee2P PH\u00c1P T\u1ea0I VI\u1ec6T NAM","potentialAction":[{"@type":"SearchAction","target":{"@type":"EntryPoint","urlTemplate":"https:\/\/hapylukevn.com\/?s={search_term_string}"},"query-input":{"@type":"PropertyValueSpecification","valueRequired":true,"valueName":"search_term_string"}}],"inLanguage":"en-US"}]}},"featured_image_src":null,"featured_image_src_square":null,"_links":{"self":[{"href":"https:\/\/hapylukevn.com\/index.php\/wp-json\/wp\/v2\/pages\/7","targetHints":{"allow":["GET"]}}],"collection":[{"href":"https:\/\/hapylukevn.com\/index.php\/wp-json\/wp\/v2\/pages"}],"about":[{"href":"https:\/\/hapylukevn.com\/index.php\/wp-json\/wp\/v2\/types\/page"}],"author":[{"embeddable":true,"href":"https:\/\/hapylukevn.com\/index.php\/wp-json\/wp\/v2\/users\/1"}],"replies":[{"embeddable":true,"href":"https:\/\/hapylukevn.com\/index.php\/wp-json\/wp\/v2\/comments?post=7"}],"version-history":[{"count":0,"href":"https:\/\/hapylukevn.com\/index.php\/wp-json\/wp\/v2\/pages\/7\/revisions"}],"wp:attachment":[{"href":"https:\/\/hapylukevn.com\/index.php\/wp-json\/wp\/v2\/media?parent=7"}],"curies":[{"name":"wp","href":"https:\/\/api.w.org\/{rel}","templated":true}]}}