{"id":83,"date":"2020-09-29T08:56:15","date_gmt":"2020-09-29T08:56:15","guid":{"rendered":"https:\/\/hapylukevn.com\/?page_id=83"},"modified":"2024-05-30T07:07:16","modified_gmt":"2024-05-30T07:07:16","slug":"gui-tien","status":"publish","type":"page","link":"https:\/\/hapylukevn.com\/index.php\/gui-tien\/","title":{"rendered":"G\u1eedi Ti\u1ec1n"},"content":{"rendered":"\n<h2 class=\"wp-block-heading has-text-align-center has-large-font-size has-text-color\" style=\"color:#d512cb\">L\u00e0m c\u00e1ch n\u00e0o \u0111\u1ec3 g\u1eedi ti\u1ec1n ch\u01a1i c\u00e1 c\u01b0\u1ee3c Happyluke<\/h2>\n\n\n\n<p>Tr\u01b0\u1edbc khi c\u00f3 th\u1ec3 \u0111\u1eb7t c\u01b0\u1ee3c v\u00e0 nh\u1eadn c\u00e1c \u01b0u \u0111\u00e3i \u0111\u1eb7c bi\u1ec7t tr\u00ean\u00a0<a href=\"https:\/\/www.spinvui.com\/\" target=\"_blank\" rel=\"noreferrer noopener\">HappyLuke<\/a>, tr\u01b0\u1edbc ti\u00ean b\u1ea1n c\u1ea7n ph\u1ea3i n\u1ea1p ti\u1ec1n v\u00e0o t\u00e0i kho\u1ea3n c\u1ee7a m\u00ecnh. G\u1eedi ti\u1ec1n s\u1ebd ch\u1ec9 m\u1ea5t 5 ph\u00fat b\u1eb1ng c\u00e1ch l\u00e0m theo \u201cH\u01b0\u1edbng d\u1eabn G\u1eedi ti\u1ec1n Happyluke\u201d<\/p>\n\n\n\n<p>S\u1ed1 ti\u1ec1n g\u1eedi t\u1ed1i thi\u1ec3u tr\u00ean\u00a0<a href=\"https:\/\/www.spinvui.com\/\" target=\"_blank\" rel=\"noreferrer noopener\">Happyluke<\/a>\u00a0l\u00e0 150k v\u00e0 s\u1ed1 ti\u1ec1n g\u1eedi t\u1ed1i \u0111a l\u00e0 115 tri\u1ec7u. \u0110\u1ec3 g\u1eedi ti\u1ec1n v\u00e0o t\u00e0i kho\u1ea3n c\u1ee7a b\u1ea1n, b\u1ea1n c\u1ea7n s\u1eed d\u1ee5ng t\u00e0i kho\u1ea3n ng\u00e2n h\u00e0ng ch\u00ednh ch\u1ee7, Happyluke kh\u00f4ng nh\u1eadn g\u1eedi ti\u1ec1n qua b\u00ean th\u1ee9 3.<\/p>\n\n\n\n<figure class=\"wp-block-image size-large\"><img fetchpriority=\"high\" decoding=\"async\" width=\"1024\" height=\"100\" src=\"https:\/\/hapylukevn.com\/wp-content\/uploads\/2020\/09\/C0E0141B-5AD5-4C2C-BC68-75B6A8BCC903-1024x100.png\" alt=\"\" class=\"wp-image-114\" srcset=\"https:\/\/hapylukevn.com\/wp-content\/uploads\/2020\/09\/C0E0141B-5AD5-4C2C-BC68-75B6A8BCC903-1024x100.png 1024w, https:\/\/hapylukevn.com\/wp-content\/uploads\/2020\/09\/C0E0141B-5AD5-4C2C-BC68-75B6A8BCC903-300x29.png 300w, https:\/\/hapylukevn.com\/wp-content\/uploads\/2020\/09\/C0E0141B-5AD5-4C2C-BC68-75B6A8BCC903-768x75.png 768w, https:\/\/hapylukevn.com\/wp-content\/uploads\/2020\/09\/C0E0141B-5AD5-4C2C-BC68-75B6A8BCC903.png 1144w\" sizes=\"(max-width: 1024px) 100vw, 1024px\" \/><\/figure>\n\n\n\n<p>\u0110\u1ea7u ti\u00ean, b\u1ea1n c\u1ea7n v\u00e0o Happyluke v\u00e0 \u0111\u0103ng nh\u1eadp v\u00e0o t\u00e0i kho\u1ea3n c\u1ee7a m\u00ecnh. Sau khi b\u1ea1n \u0111\u00e3 \u0111\u0103ng nh\u1eadp, vui l\u00f2ng nh\u1ea5p v\u00e0o \u201cG\u1eedi ti\u1ec1n\u201d (h\u00ecnh tr\u00ean).<\/p>\n\n\n\n<figure class=\"wp-block-image\"><img decoding=\"async\" src=\"http:\/\/happyluke-vn.com\/wp-content\/uploads\/2020\/09\/20200909114321-1024x520.jpg\" alt=\"\" class=\"wp-image-290\"\/><\/figure>\n\n\n\n<p>Sau \u0111\u00f3, b\u1ea1n s\u1ebd th\u1ea5y trang g\u1eedi ti\u1ec1n nh\u01b0 h\u00ecnh tr\u00ean. M\u1ed7i ph\u01b0\u01a1ng th\u1ee9c g\u1eedi ti\u1ec1n \u0111\u1ec1u c\u00f3 th\u1eddi gian c\u1eadp nh\u1eadt ti\u1ec1n g\u1eedi kh\u00e1c nhau, vui l\u00f2ng xem b\u00ean d\u01b0\u1edbi \u0111\u1ec3 bi\u1ebft th\u00eam chi ti\u1ebft:<\/p>\n\n\n\n<p>\u25cf Ng\u00e2n h\u00e0ng \u0111\u1ecba ph\u01b0\u01a1ng \u2013 15 ph\u00fat<\/p>\n\n\n\n<p>\u25cf Thanh to\u00e1n tr\u1ef1c tuy\u1ebfn \u2013 ngay l\u1eadp t\u1ee9c<\/p>\n\n\n\n<p>\u25cf Internet banking \u2013 5 ph\u00fat<\/p>\n\n\n\n<p>\u25cf G\u1eedi ti\u1ec1n nhanh \u2013 ngay l\u1eadp t\u1ee9c<\/p>\n\n\n\n<p>N\u1ebfu b\u1ea1n ch\u1ecdn \u201cNg\u00e2n h\u00e0ng \u0111\u1ecba ph\u01b0\u01a1ng\u201d l\u00e0m ph\u01b0\u01a1ng th\u1ee9c thanh to\u00e1n nh\u01b0 trong h\u00ecnh, b\u1ea1n c\u00f3 th\u1ec3 l\u00e0m theo h\u01b0\u1edbng d\u1eabn t\u1eebng b\u01b0\u1edbc t\u1ea1i \u0111\u00e2y:<\/p>\n\n\n\n<p>\u25cf (1) \u2013 Ch\u1ecdn s\u1ed1 ti\u1ec1n g\u1eedi<\/p>\n\n\n\n<p>\u25cf (2) \u2013 Ch\u1ecdn ng\u00e2n h\u00e0ng c\u1ee7a b\u1ea1n v\u00e0 vui l\u00f2ng \u0111i\u1ec1n v\u00e0o t\u00ean t\u00e0i kho\u1ea3n ng\u00e2n h\u00e0ng c\u1ee7a b\u1ea1n<\/p>\n\n\n\n<p>\u25cf (3) \u2013 N\u1ebfu l\u00e0 th\u00e0nh vi\u00ean m\u1edbi mu\u1ed1n nh\u1eadn khuy\u1ebfn m\u00e3i n\u1ea1p l\u1ea7n \u0111\u1ea7u, b\u1ea1n c\u00f3 th\u1ec3 tick v\u00e0o \u00f4 \u201cti\u1ec1n th\u01b0\u1edfng\u201d nh\u1eadn ngay 150% l\u00ean t\u1edbi 11.500.000<\/p>\n\n\n\n<p>\u25cf (4) \u2013 Khi b\u1ea1n \u0111\u00e3 ki\u1ec3m tra r\u1eb1ng t\u1ea5t c\u1ea3 th\u00f4ng tin \u0111\u1ec1u ch\u00ednh x\u00e1c, vui l\u00f2ng nh\u1ea5p v\u00e0o \u201cX\u00e1c nh\u1eadn\u201d<\/p>\n\n\n\n<figure class=\"wp-block-image\"><img decoding=\"async\" src=\"http:\/\/happyluke-vn.com\/wp-content\/uploads\/2020\/09\/20200909115916.jpg\" alt=\"\" class=\"wp-image-291\"\/><\/figure>\n\n\n\n<p>Sau khi b\u1ea1n \u0111\u00e3 nh\u1ea5p \u201cx\u00e1c nh\u1eadn\u201d s\u1ebd d\u1eabn b\u1ea1n \u0111\u1ebfn trang nh\u01b0 h\u00ecnh tr\u00ean. B\u1ea1n c\u1ea7n chuy\u1ec3n s\u1ed1 ti\u1ec1n g\u1eedi v\u00e0o chi ti\u1ebft t\u00e0i kho\u1ea3n \u0111\u01b0\u1ee3c cung c\u1ea5p (\u0111\u1eebng qu\u00ean ki\u1ec3m tra l\u1ea1i S\u1ed1 ti\u1ec1n g\u1eedi tr\u01b0\u1edbc khi chuy\u1ec3n).<\/p>\n\n\n\n<figure class=\"wp-block-image\"><img decoding=\"async\" src=\"http:\/\/happyluke-vn.com\/wp-content\/uploads\/2020\/09\/20200909122002.jpg\" alt=\"\" class=\"wp-image-292\"\/><\/figure>\n\n\n\n<p>Sau khi chuy\u1ec3n kho\u1ea3n th\u00e0nh c\u00f4ng, b\u00e2y gi\u1edd b\u1ea1n c\u00f3 th\u1ec3 \u0111\u00ednh k\u00e8m \u201cphi\u1ebfu g\u1eedi ti\u1ec1n\u201d hay c\u00f2n g\u1ecdi l\u00e0 bi\u00ean lai \u0111\u1ec3 l\u00e0m b\u1eb1ng ch\u1ee9ng cho giao d\u1ecbch.<\/p>\n\n\n\n<p>\u25cf (1) \u2013 \u0110\u00ednh k\u00e8m bi\u00ean lai, th\u1eddi gian chuy\u1ec3n ti\u1ec1n v\u00e0 s\u1ed1 t\u00e0i kho\u1ea3n ch\u00ednh x\u00e1c c\u1ee7a b\u1ea1n<\/p>\n\n\n\n<p>\u25cf (2) \u2013 \u0110\u1eebng qu\u00ean nh\u1ea5p v\u00e0o \u201cConfirm Payment\u201d c\u00f3 ngh\u1ec9a l\u00e0 x\u00e1c nh\u1eadn thanh to\u00e1n<\/p>\n\n\n\n<p>\u25cf (3) \u2013 B\u1ea5m F5 sau 5 \u2013 10p \u0111\u1ec3 t\u00e0i kho\u1ea3n \u0111\u01b0\u1ee3c c\u1eadp nh\u1eadt, n\u1ebfu t\u00e0i kho\u1ea3n v\u1eabn ch\u01b0a c\u00f3 ti\u1ec1n vui l\u00f2ng li\u00ean h\u1ec7 \u201ch\u1ed7 tr\u1ee3 tr\u1ef1c tuy\u1ebfn\u201d<\/p>\n","protected":false},"excerpt":{"rendered":"<p>L\u00e0m c\u00e1ch n\u00e0o \u0111\u1ec3 g\u1eedi ti\u1ec1n ch\u01a1i c\u00e1 c\u01b0\u1ee3c Happyluke Tr\u01b0\u1edbc khi c\u00f3 th\u1ec3 \u0111\u1eb7t c\u01b0\u1ee3c v\u00e0 nh\u1eadn c\u00e1c \u01b0u \u0111\u00e3i \u0111\u1eb7c bi\u1ec7t tr\u00ean\u00a0HappyLuke, tr\u01b0\u1edbc ti\u00ean b\u1ea1n c\u1ea7n ph\u1ea3i n\u1ea1p ti\u1ec1n v\u00e0o t\u00e0i kho\u1ea3n c\u1ee7a m\u00ecnh. G\u1eedi ti\u1ec1n s\u1ebd ch\u1ec9 m\u1ea5t 5 ph\u00fat b\u1eb1ng c\u00e1ch l\u00e0m theo \u201cH\u01b0\u1edbng d\u1eabn G\u1eedi ti\u1ec1n Happyluke\u201d S\u1ed1 ti\u1ec1n g\u1eedi [&hellip;]<\/p>\n","protected":false},"author":1,"featured_media":0,"parent":0,"menu_order":0,"comment_status":"closed","ping_status":"closed","template":"","meta":{"footnotes":""},"class_list":["post-83","page","type-page","status-publish","hentry","entry"],"yoast_head":"<!-- This site is optimized with the Yoast SEO plugin v27.5 - https:\/\/yoast.com\/product\/yoast-seo-wordpress\/ -->\n<title>G\u1eedi Ti\u1ec1n - Nh\u00e0 c\u00e1i Happyluke Vietnam<\/title>\n<meta name=\"robots\" content=\"index, follow, max-snippet:-1, max-image-preview:large, max-video-preview:-1\" \/>\n<link rel=\"canonical\" href=\"https:\/\/hapylukevn.com\/index.php\/gui-tien\/\" \/>\n<meta property=\"og:locale\" content=\"en_US\" \/>\n<meta property=\"og:type\" content=\"article\" \/>\n<meta property=\"og:title\" content=\"G\u1eedi Ti\u1ec1n - Nh\u00e0 c\u00e1i Happyluke Vietnam\" \/>\n<meta property=\"og:description\" content=\"L\u00e0m c\u00e1ch n\u00e0o \u0111\u1ec3 g\u1eedi ti\u1ec1n ch\u01a1i c\u00e1 c\u01b0\u1ee3c Happyluke Tr\u01b0\u1edbc khi c\u00f3 th\u1ec3 \u0111\u1eb7t c\u01b0\u1ee3c v\u00e0 nh\u1eadn c\u00e1c \u01b0u \u0111\u00e3i \u0111\u1eb7c bi\u1ec7t tr\u00ean\u00a0HappyLuke, tr\u01b0\u1edbc ti\u00ean b\u1ea1n c\u1ea7n ph\u1ea3i n\u1ea1p ti\u1ec1n v\u00e0o t\u00e0i kho\u1ea3n c\u1ee7a m\u00ecnh. G\u1eedi ti\u1ec1n s\u1ebd ch\u1ec9 m\u1ea5t 5 ph\u00fat b\u1eb1ng c\u00e1ch l\u00e0m theo \u201cH\u01b0\u1edbng d\u1eabn G\u1eedi ti\u1ec1n Happyluke\u201d S\u1ed1 ti\u1ec1n g\u1eedi [&hellip;]\" \/>\n<meta property=\"og:url\" content=\"https:\/\/hapylukevn.com\/index.php\/gui-tien\/\" \/>\n<meta property=\"og:site_name\" content=\"Nh\u00e0 c\u00e1i Happyluke Vietnam\" \/>\n<meta property=\"article:modified_time\" content=\"2024-05-30T07:07:16+00:00\" \/>\n<meta property=\"og:image\" content=\"https:\/\/hapylukevn.com\/wp-content\/uploads\/2020\/09\/C0E0141B-5AD5-4C2C-BC68-75B6A8BCC903-1024x100.png\" \/>\n<meta name=\"twitter:card\" content=\"summary_large_image\" \/>\n<meta name=\"twitter:label1\" content=\"Est. reading time\" \/>\n\t<meta name=\"twitter:data1\" content=\"3 minutes\" \/>\n<script type=\"application\/ld+json\" class=\"yoast-schema-graph\">{\"@context\":\"https:\\\/\\\/schema.org\",\"@graph\":[{\"@type\":\"WebPage\",\"@id\":\"https:\\\/\\\/hapylukevn.com\\\/index.php\\\/gui-tien\\\/\",\"url\":\"https:\\\/\\\/hapylukevn.com\\\/index.php\\\/gui-tien\\\/\",\"name\":\"G\u1eedi Ti\u1ec1n - Nh\u00e0 c\u00e1i Happyluke Vietnam\",\"isPartOf\":{\"@id\":\"https:\\\/\\\/hapylukevn.com\\\/#website\"},\"primaryImageOfPage\":{\"@id\":\"https:\\\/\\\/hapylukevn.com\\\/index.php\\\/gui-tien\\\/#primaryimage\"},\"image\":{\"@id\":\"https:\\\/\\\/hapylukevn.com\\\/index.php\\\/gui-tien\\\/#primaryimage\"},\"thumbnailUrl\":\"https:\\\/\\\/hapylukevn.com\\\/wp-content\\\/uploads\\\/2020\\\/09\\\/C0E0141B-5AD5-4C2C-BC68-75B6A8BCC903-1024x100.png\",\"datePublished\":\"2020-09-29T08:56:15+00:00\",\"dateModified\":\"2024-05-30T07:07:16+00:00\",\"breadcrumb\":{\"@id\":\"https:\\\/\\\/hapylukevn.com\\\/index.php\\\/gui-tien\\\/#breadcrumb\"},\"inLanguage\":\"en-US\",\"potentialAction\":[{\"@type\":\"ReadAction\",\"target\":[\"https:\\\/\\\/hapylukevn.com\\\/index.php\\\/gui-tien\\\/\"]}]},{\"@type\":\"ImageObject\",\"inLanguage\":\"en-US\",\"@id\":\"https:\\\/\\\/hapylukevn.com\\\/index.php\\\/gui-tien\\\/#primaryimage\",\"url\":\"https:\\\/\\\/hapylukevn.com\\\/wp-content\\\/uploads\\\/2020\\\/09\\\/C0E0141B-5AD5-4C2C-BC68-75B6A8BCC903.png\",\"contentUrl\":\"https:\\\/\\\/hapylukevn.com\\\/wp-content\\\/uploads\\\/2020\\\/09\\\/C0E0141B-5AD5-4C2C-BC68-75B6A8BCC903.png\",\"width\":1144,\"height\":112},{\"@type\":\"BreadcrumbList\",\"@id\":\"https:\\\/\\\/hapylukevn.com\\\/index.php\\\/gui-tien\\\/#breadcrumb\",\"itemListElement\":[{\"@type\":\"ListItem\",\"position\":1,\"name\":\"Home\",\"item\":\"https:\\\/\\\/hapylukevn.com\\\/\"},{\"@type\":\"ListItem\",\"position\":2,\"name\":\"G\u1eedi Ti\u1ec1n\"}]},{\"@type\":\"WebSite\",\"@id\":\"https:\\\/\\\/hapylukevn.com\\\/#website\",\"url\":\"https:\\\/\\\/hapylukevn.com\\\/\",\"name\":\"Nh\u00e0 c\u00e1i Happyluke Vietnam\",\"description\":\"TRANG CASINO ONLINE C\u00c1 \u0110\u1ed8 B\u00d3NG \u0110\u00c1 UY T\u00cdN V\u00c0 H\u1ee2P PH\u00c1P T\u1ea0I VI\u1ec6T NAM\",\"potentialAction\":[{\"@type\":\"SearchAction\",\"target\":{\"@type\":\"EntryPoint\",\"urlTemplate\":\"https:\\\/\\\/hapylukevn.com\\\/?s={search_term_string}\"},\"query-input\":{\"@type\":\"PropertyValueSpecification\",\"valueRequired\":true,\"valueName\":\"search_term_string\"}}],\"inLanguage\":\"en-US\"}]}<\/script>\n<!-- \/ Yoast SEO plugin. -->","yoast_head_json":{"title":"G\u1eedi Ti\u1ec1n - Nh\u00e0 c\u00e1i Happyluke Vietnam","robots":{"index":"index","follow":"follow","max-snippet":"max-snippet:-1","max-image-preview":"max-image-preview:large","max-video-preview":"max-video-preview:-1"},"canonical":"https:\/\/hapylukevn.com\/index.php\/gui-tien\/","og_locale":"en_US","og_type":"article","og_title":"G\u1eedi Ti\u1ec1n - Nh\u00e0 c\u00e1i Happyluke Vietnam","og_description":"L\u00e0m c\u00e1ch n\u00e0o \u0111\u1ec3 g\u1eedi ti\u1ec1n ch\u01a1i c\u00e1 c\u01b0\u1ee3c Happyluke Tr\u01b0\u1edbc khi c\u00f3 th\u1ec3 \u0111\u1eb7t c\u01b0\u1ee3c v\u00e0 nh\u1eadn c\u00e1c \u01b0u \u0111\u00e3i \u0111\u1eb7c bi\u1ec7t tr\u00ean\u00a0HappyLuke, tr\u01b0\u1edbc ti\u00ean b\u1ea1n c\u1ea7n ph\u1ea3i n\u1ea1p ti\u1ec1n v\u00e0o t\u00e0i kho\u1ea3n c\u1ee7a m\u00ecnh. G\u1eedi ti\u1ec1n s\u1ebd ch\u1ec9 m\u1ea5t 5 ph\u00fat b\u1eb1ng c\u00e1ch l\u00e0m theo \u201cH\u01b0\u1edbng d\u1eabn G\u1eedi ti\u1ec1n Happyluke\u201d S\u1ed1 ti\u1ec1n g\u1eedi [&hellip;]","og_url":"https:\/\/hapylukevn.com\/index.php\/gui-tien\/","og_site_name":"Nh\u00e0 c\u00e1i Happyluke Vietnam","article_modified_time":"2024-05-30T07:07:16+00:00","og_image":[{"url":"https:\/\/hapylukevn.com\/wp-content\/uploads\/2020\/09\/C0E0141B-5AD5-4C2C-BC68-75B6A8BCC903-1024x100.png","type":"","width":"","height":""}],"twitter_card":"summary_large_image","twitter_misc":{"Est. reading time":"3 minutes"},"schema":{"@context":"https:\/\/schema.org","@graph":[{"@type":"WebPage","@id":"https:\/\/hapylukevn.com\/index.php\/gui-tien\/","url":"https:\/\/hapylukevn.com\/index.php\/gui-tien\/","name":"G\u1eedi Ti\u1ec1n - Nh\u00e0 c\u00e1i Happyluke Vietnam","isPartOf":{"@id":"https:\/\/hapylukevn.com\/#website"},"primaryImageOfPage":{"@id":"https:\/\/hapylukevn.com\/index.php\/gui-tien\/#primaryimage"},"image":{"@id":"https:\/\/hapylukevn.com\/index.php\/gui-tien\/#primaryimage"},"thumbnailUrl":"https:\/\/hapylukevn.com\/wp-content\/uploads\/2020\/09\/C0E0141B-5AD5-4C2C-BC68-75B6A8BCC903-1024x100.png","datePublished":"2020-09-29T08:56:15+00:00","dateModified":"2024-05-30T07:07:16+00:00","breadcrumb":{"@id":"https:\/\/hapylukevn.com\/index.php\/gui-tien\/#breadcrumb"},"inLanguage":"en-US","potentialAction":[{"@type":"ReadAction","target":["https:\/\/hapylukevn.com\/index.php\/gui-tien\/"]}]},{"@type":"ImageObject","inLanguage":"en-US","@id":"https:\/\/hapylukevn.com\/index.php\/gui-tien\/#primaryimage","url":"https:\/\/hapylukevn.com\/wp-content\/uploads\/2020\/09\/C0E0141B-5AD5-4C2C-BC68-75B6A8BCC903.png","contentUrl":"https:\/\/hapylukevn.com\/wp-content\/uploads\/2020\/09\/C0E0141B-5AD5-4C2C-BC68-75B6A8BCC903.png","width":1144,"height":112},{"@type":"BreadcrumbList","@id":"https:\/\/hapylukevn.com\/index.php\/gui-tien\/#breadcrumb","itemListElement":[{"@type":"ListItem","position":1,"name":"Home","item":"https:\/\/hapylukevn.com\/"},{"@type":"ListItem","position":2,"name":"G\u1eedi Ti\u1ec1n"}]},{"@type":"WebSite","@id":"https:\/\/hapylukevn.com\/#website","url":"https:\/\/hapylukevn.com\/","name":"Nh\u00e0 c\u00e1i Happyluke Vietnam","description":"TRANG CASINO ONLINE C\u00c1 \u0110\u1ed8 B\u00d3NG \u0110\u00c1 UY T\u00cdN V\u00c0 H\u1ee2P PH\u00c1P T\u1ea0I VI\u1ec6T NAM","potentialAction":[{"@type":"SearchAction","target":{"@type":"EntryPoint","urlTemplate":"https:\/\/hapylukevn.com\/?s={search_term_string}"},"query-input":{"@type":"PropertyValueSpecification","valueRequired":true,"valueName":"search_term_string"}}],"inLanguage":"en-US"}]}},"featured_image_src":null,"featured_image_src_square":null,"_links":{"self":[{"href":"https:\/\/hapylukevn.com\/index.php\/wp-json\/wp\/v2\/pages\/83","targetHints":{"allow":["GET"]}}],"collection":[{"href":"https:\/\/hapylukevn.com\/index.php\/wp-json\/wp\/v2\/pages"}],"about":[{"href":"https:\/\/hapylukevn.com\/index.php\/wp-json\/wp\/v2\/types\/page"}],"author":[{"embeddable":true,"href":"https:\/\/hapylukevn.com\/index.php\/wp-json\/wp\/v2\/users\/1"}],"replies":[{"embeddable":true,"href":"https:\/\/hapylukevn.com\/index.php\/wp-json\/wp\/v2\/comments?post=83"}],"version-history":[{"count":0,"href":"https:\/\/hapylukevn.com\/index.php\/wp-json\/wp\/v2\/pages\/83\/revisions"}],"wp:attachment":[{"href":"https:\/\/hapylukevn.com\/index.php\/wp-json\/wp\/v2\/media?parent=83"}],"curies":[{"name":"wp","href":"https:\/\/api.w.org\/{rel}","templated":true}]}}