{"id":85,"date":"2020-09-29T08:58:59","date_gmt":"2020-09-29T08:58:59","guid":{"rendered":"https:\/\/hapylukevn.com\/?page_id=85"},"modified":"2024-05-30T07:08:01","modified_gmt":"2024-05-30T07:08:01","slug":"rut-tien","status":"publish","type":"page","link":"https:\/\/hapylukevn.com\/index.php\/rut-tien\/","title":{"rendered":"R\u00fat Ti\u1ec1n"},"content":{"rendered":"\n<h2 class=\"wp-block-heading has-text-color has-huge-font-size\" style=\"color:#f63da6\"><strong>H\u01b0\u1edbng d\u1eabn r\u00fat ti\u1ec1n c\u00e1 c\u01b0\u1ee3c trang <a href=\"https:\/\/www.spinvui.com\/\">Happyluke<\/a><\/strong><\/h2>\n\n\n\n<p>B\u1ea1n c\u00f3 th\u1ec3 r\u00fat ti\u1ec1n th\u1eafng c\u01b0\u1ee3c v\u1ec1 t\u00e0i kho\u1ea3n ng\u00e2n h\u00e0ng c\u1ee7a m\u00ecnh b\u1ea5t c\u1ee9 khi n\u00e0o b\u1ea1n mu\u1ed1n! Nh\u01b0ng n\u1ebfu b\u1ea1n \u0111\u00e3 nh\u1eadn \u0111\u01b0\u1ee3c khuy\u1ebfn m\u00e3i v\u00e0 ti\u1ec1n th\u01b0\u1edfng cho tr\u00f2 ch\u01a1i, th\u00ec b\u1ea1n c\u1ea7n \u0111\u1ea3m b\u1ea3o r\u1eb1ng b\u1ea1n \u0111\u00e3 \u0111\u1ecdc h\u01b0\u1edbng d\u1eabn r\u00fat ti\u1ec1n tr\u01b0\u1edbc. M\u1ed9t s\u1ed1 ch\u01b0\u01a1ng tr\u00ecnh khuy\u1ebfn m\u00e3i c\u00f3 th\u1ec3 y\u00eau c\u1ea7u b\u1ea1n ho\u00e0n th\u00e0nh \u0111\u1ee7 doanh thu c\u01b0\u1ee3c tr\u01b0\u1edbc khi b\u1ea1n c\u00f3 th\u1ec3 r\u00fat ti\u1ec1n.<\/p>\n\n\n\n<figure class=\"wp-block-image\"><img decoding=\"async\" src=\"https:\/\/happylukeslots.com\/vn\/wp-content\/uploads\/2020\/09\/20200909123006-1024x104.jpg\" alt=\"\" class=\"wp-image-1390\"\/><\/figure>\n\n\n\n<p>Khi b\u1ea1n \u0111\u00e3 \u0111\u0103ng nh\u1eadp v\u00e0o trang web s\u00f2ng b\u1ea1c HappyLuke, vui l\u00f2ng nh\u1ea5p v\u00e0o \u201cT\u00e0i kho\u1ea3n c\u1ee7a t\u00f4i\u201d (1) v\u00e0 ch\u1ecdn \u201cR\u00fat ti\u1ec1n\u201d (2).<\/p>\n\n\n<div class=\"wp-block-image\">\n<figure class=\"aligncenter\"><img decoding=\"async\" src=\"https:\/\/lh3.googleusercontent.com\/x7ofzr_bepYWFggrTP8csB8YtcnDeN25ZQgIdIu8VrTEGa_BbOu7bslOrQfP6MORC7VeGYrqM3Ss0VDGK9-d7AVtAZxZFSJrdZ80CqWxFHMA5zelnlnFW7Op_8Mk76_9TYdBDB_z\" alt=\"\"\/><\/figure>\n<\/div>\n\n\n<p>B\u1ea1n ch\u1ec9 c\u00f3 th\u1ec3 r\u00fat ti\u1ec1n t\u1ea1i Ng\u00e2n h\u00e0ng \u0111\u1ecba ph\u01b0\u01a1ng c\u1ee7a m\u00ecnh. S\u1ed1 ti\u1ec1n t\u1ed1i thi\u1ec3u l\u00e0 250k v\u00e0 S\u1ed1 ti\u1ec1n t\u1ed1i \u0111a l\u00e0 250 tri\u1ec7u<br>(1) \u2013 Ch\u1ecdn s\u1ed1 ti\u1ec1n r\u00fat nh\u01b0 b\u1ea1n mu\u1ed1n<br>(2) \u2013 Ti\u1ebfp t\u1ee5c r\u00fat ti\u1ec1n<\/p>\n\n\n<div class=\"wp-block-image\">\n<figure class=\"aligncenter\"><img decoding=\"async\" src=\"https:\/\/lh4.googleusercontent.com\/DEAxJf4B6D18VLVFhreYcKy_BDaDs5v86nxietr8yTNwA_kFQ2ofeOwYmRuVNof52vqH6xTCM9Nq5VCfkNR3ytZN7EoQfOEHAIxo8fNpUX-1B-Xd8OgWu1IsCqL_38OXmihu-dWv\" alt=\"\"\/><\/figure>\n<\/div>\n\n\n<p>Trang k\u1ebf ti\u1ebfp, vui l\u00f2ng xem l\u1ea1i th\u1eddi gian x\u1eed l\u00fd v\u00e0 th\u1eddi gian chuy\u1ec3n. N\u1ebfu b\u1ea1n \u0111\u1ed3ng \u00fd v\u1edbi c\u00e1c \u0111i\u1ec1u ki\u1ec7n, b\u1ea1n c\u00f3 th\u1ec3 nh\u1ea5p v\u00e0o \u201cTh\u1ef1c hi\u1ec7n r\u00fat ti\u1ec1n\u201d<\/p>\n\n\n<div class=\"wp-block-image\">\n<figure class=\"aligncenter\"><img decoding=\"async\" src=\"https:\/\/lh6.googleusercontent.com\/TfTHTNgWOMYa4952woKail2fzM3XsTGHgbJ-2AWRRoKzdSPu8Fmp7eKw7g5X_Lpf3qHvWs2-0qmf7nHfUfP5DrjSPzKP1eyk1UqLBj9vGf2st7u9bn46q6ibMIvds8XWLmPT42fF\" alt=\"\"\/><\/figure>\n<\/div>\n\n\n<p>\u0110\u1ec3 ti\u1ebfp t\u1ee5c x\u1eed l\u00fd, b\u1ea1n c\u1ea7n \u0111i\u1ec1n chi ti\u1ebft t\u00e0i kho\u1ea3n ng\u00e2n h\u00e0ng c\u1ee7a m\u00ecnh.<br>(1) \u2013 \u0110i\u1ec1n S\u1ed1 t\u00e0i kho\u1ea3n v\u00e0 T\u00ean chi nh\u00e1nh c\u1ee7a b\u1ea1n<br>(2) \u2013 \u0110i\u1ec1n Th\u00e0nh ph\u1ed1 v\u00e0 T\u1ec9nh<br>(3) \u2013 B\u1ea5m \u201cX\u00e1c Nh\u1eadn\u201d \u0111\u1ec3 ho\u00e0n t\u1ea5t r\u00fat ti\u1ec1n<br>Sau \u0111\u00f3, ti\u1ec1n c\u1ee7a b\u1ea1n s\u1ebd \u0111\u01b0\u1ee3c chuy\u1ec3n v\u00e0o t\u00e0i kho\u1ea3n Ng\u00e2n h\u00e0ng \u0111\u1ecba ph\u01b0\u01a1ng c\u1ee7a b\u1ea1n sau th\u1eddi gian x\u1eed l\u00fd l\u00e0 1-2 ng\u00e0y l\u00e0m vi\u1ec7c.<\/p>\n","protected":false},"excerpt":{"rendered":"<p>H\u01b0\u1edbng d\u1eabn r\u00fat ti\u1ec1n c\u00e1 c\u01b0\u1ee3c trang Happyluke B\u1ea1n c\u00f3 th\u1ec3 r\u00fat ti\u1ec1n th\u1eafng c\u01b0\u1ee3c v\u1ec1 t\u00e0i kho\u1ea3n ng\u00e2n h\u00e0ng c\u1ee7a m\u00ecnh b\u1ea5t c\u1ee9 khi n\u00e0o b\u1ea1n mu\u1ed1n! Nh\u01b0ng n\u1ebfu b\u1ea1n \u0111\u00e3 nh\u1eadn \u0111\u01b0\u1ee3c khuy\u1ebfn m\u00e3i v\u00e0 ti\u1ec1n th\u01b0\u1edfng cho tr\u00f2 ch\u01a1i, th\u00ec b\u1ea1n c\u1ea7n \u0111\u1ea3m b\u1ea3o r\u1eb1ng b\u1ea1n \u0111\u00e3 \u0111\u1ecdc h\u01b0\u1edbng d\u1eabn r\u00fat ti\u1ec1n [&hellip;]<\/p>\n","protected":false},"author":1,"featured_media":0,"parent":0,"menu_order":0,"comment_status":"closed","ping_status":"closed","template":"","meta":{"footnotes":""},"class_list":["post-85","page","type-page","status-publish","hentry","entry"],"yoast_head":"<!-- This site is optimized with the Yoast SEO plugin v27.4 - https:\/\/yoast.com\/product\/yoast-seo-wordpress\/ -->\n<title>R\u00fat Ti\u1ec1n - Nh\u00e0 c\u00e1i Happyluke Vietnam<\/title>\n<meta name=\"robots\" content=\"index, follow, max-snippet:-1, max-image-preview:large, max-video-preview:-1\" \/>\n<link rel=\"canonical\" href=\"https:\/\/hapylukevn.com\/index.php\/rut-tien\/\" \/>\n<meta property=\"og:locale\" content=\"en_US\" \/>\n<meta property=\"og:type\" content=\"article\" \/>\n<meta property=\"og:title\" content=\"R\u00fat Ti\u1ec1n - Nh\u00e0 c\u00e1i Happyluke Vietnam\" \/>\n<meta property=\"og:description\" content=\"H\u01b0\u1edbng d\u1eabn r\u00fat ti\u1ec1n c\u00e1 c\u01b0\u1ee3c trang Happyluke B\u1ea1n c\u00f3 th\u1ec3 r\u00fat ti\u1ec1n th\u1eafng c\u01b0\u1ee3c v\u1ec1 t\u00e0i kho\u1ea3n ng\u00e2n h\u00e0ng c\u1ee7a m\u00ecnh b\u1ea5t c\u1ee9 khi n\u00e0o b\u1ea1n mu\u1ed1n! Nh\u01b0ng n\u1ebfu b\u1ea1n \u0111\u00e3 nh\u1eadn \u0111\u01b0\u1ee3c khuy\u1ebfn m\u00e3i v\u00e0 ti\u1ec1n th\u01b0\u1edfng cho tr\u00f2 ch\u01a1i, th\u00ec b\u1ea1n c\u1ea7n \u0111\u1ea3m b\u1ea3o r\u1eb1ng b\u1ea1n \u0111\u00e3 \u0111\u1ecdc h\u01b0\u1edbng d\u1eabn r\u00fat ti\u1ec1n [&hellip;]\" \/>\n<meta property=\"og:url\" content=\"https:\/\/hapylukevn.com\/index.php\/rut-tien\/\" \/>\n<meta property=\"og:site_name\" content=\"Nh\u00e0 c\u00e1i Happyluke Vietnam\" \/>\n<meta property=\"article:modified_time\" content=\"2024-05-30T07:08:01+00:00\" \/>\n<meta property=\"og:image\" content=\"https:\/\/happylukeslots.com\/vn\/wp-content\/uploads\/2020\/09\/20200909123006-1024x104.jpg\" \/>\n<meta name=\"twitter:card\" content=\"summary_large_image\" \/>\n<meta name=\"twitter:label1\" content=\"Est. reading time\" \/>\n\t<meta name=\"twitter:data1\" content=\"2 minutes\" \/>\n<script type=\"application\/ld+json\" class=\"yoast-schema-graph\">{\"@context\":\"https:\\\/\\\/schema.org\",\"@graph\":[{\"@type\":\"WebPage\",\"@id\":\"https:\\\/\\\/hapylukevn.com\\\/index.php\\\/rut-tien\\\/\",\"url\":\"https:\\\/\\\/hapylukevn.com\\\/index.php\\\/rut-tien\\\/\",\"name\":\"R\u00fat Ti\u1ec1n - Nh\u00e0 c\u00e1i Happyluke Vietnam\",\"isPartOf\":{\"@id\":\"https:\\\/\\\/hapylukevn.com\\\/#website\"},\"primaryImageOfPage\":{\"@id\":\"https:\\\/\\\/hapylukevn.com\\\/index.php\\\/rut-tien\\\/#primaryimage\"},\"image\":{\"@id\":\"https:\\\/\\\/hapylukevn.com\\\/index.php\\\/rut-tien\\\/#primaryimage\"},\"thumbnailUrl\":\"https:\\\/\\\/happylukeslots.com\\\/vn\\\/wp-content\\\/uploads\\\/2020\\\/09\\\/20200909123006-1024x104.jpg\",\"datePublished\":\"2020-09-29T08:58:59+00:00\",\"dateModified\":\"2024-05-30T07:08:01+00:00\",\"breadcrumb\":{\"@id\":\"https:\\\/\\\/hapylukevn.com\\\/index.php\\\/rut-tien\\\/#breadcrumb\"},\"inLanguage\":\"en-US\",\"potentialAction\":[{\"@type\":\"ReadAction\",\"target\":[\"https:\\\/\\\/hapylukevn.com\\\/index.php\\\/rut-tien\\\/\"]}]},{\"@type\":\"ImageObject\",\"inLanguage\":\"en-US\",\"@id\":\"https:\\\/\\\/hapylukevn.com\\\/index.php\\\/rut-tien\\\/#primaryimage\",\"url\":\"https:\\\/\\\/happylukeslots.com\\\/vn\\\/wp-content\\\/uploads\\\/2020\\\/09\\\/20200909123006-1024x104.jpg\",\"contentUrl\":\"https:\\\/\\\/happylukeslots.com\\\/vn\\\/wp-content\\\/uploads\\\/2020\\\/09\\\/20200909123006-1024x104.jpg\"},{\"@type\":\"BreadcrumbList\",\"@id\":\"https:\\\/\\\/hapylukevn.com\\\/index.php\\\/rut-tien\\\/#breadcrumb\",\"itemListElement\":[{\"@type\":\"ListItem\",\"position\":1,\"name\":\"Home\",\"item\":\"https:\\\/\\\/hapylukevn.com\\\/\"},{\"@type\":\"ListItem\",\"position\":2,\"name\":\"R\u00fat Ti\u1ec1n\"}]},{\"@type\":\"WebSite\",\"@id\":\"https:\\\/\\\/hapylukevn.com\\\/#website\",\"url\":\"https:\\\/\\\/hapylukevn.com\\\/\",\"name\":\"Nh\u00e0 c\u00e1i Happyluke Vietnam\",\"description\":\"TRANG CASINO ONLINE C\u00c1 \u0110\u1ed8 B\u00d3NG \u0110\u00c1 UY T\u00cdN V\u00c0 H\u1ee2P PH\u00c1P T\u1ea0I VI\u1ec6T NAM\",\"potentialAction\":[{\"@type\":\"SearchAction\",\"target\":{\"@type\":\"EntryPoint\",\"urlTemplate\":\"https:\\\/\\\/hapylukevn.com\\\/?s={search_term_string}\"},\"query-input\":{\"@type\":\"PropertyValueSpecification\",\"valueRequired\":true,\"valueName\":\"search_term_string\"}}],\"inLanguage\":\"en-US\"}]}<\/script>\n<!-- \/ Yoast SEO plugin. -->","yoast_head_json":{"title":"R\u00fat Ti\u1ec1n - Nh\u00e0 c\u00e1i Happyluke Vietnam","robots":{"index":"index","follow":"follow","max-snippet":"max-snippet:-1","max-image-preview":"max-image-preview:large","max-video-preview":"max-video-preview:-1"},"canonical":"https:\/\/hapylukevn.com\/index.php\/rut-tien\/","og_locale":"en_US","og_type":"article","og_title":"R\u00fat Ti\u1ec1n - Nh\u00e0 c\u00e1i Happyluke Vietnam","og_description":"H\u01b0\u1edbng d\u1eabn r\u00fat ti\u1ec1n c\u00e1 c\u01b0\u1ee3c trang Happyluke B\u1ea1n c\u00f3 th\u1ec3 r\u00fat ti\u1ec1n th\u1eafng c\u01b0\u1ee3c v\u1ec1 t\u00e0i kho\u1ea3n ng\u00e2n h\u00e0ng c\u1ee7a m\u00ecnh b\u1ea5t c\u1ee9 khi n\u00e0o b\u1ea1n mu\u1ed1n! Nh\u01b0ng n\u1ebfu b\u1ea1n \u0111\u00e3 nh\u1eadn \u0111\u01b0\u1ee3c khuy\u1ebfn m\u00e3i v\u00e0 ti\u1ec1n th\u01b0\u1edfng cho tr\u00f2 ch\u01a1i, th\u00ec b\u1ea1n c\u1ea7n \u0111\u1ea3m b\u1ea3o r\u1eb1ng b\u1ea1n \u0111\u00e3 \u0111\u1ecdc h\u01b0\u1edbng d\u1eabn r\u00fat ti\u1ec1n [&hellip;]","og_url":"https:\/\/hapylukevn.com\/index.php\/rut-tien\/","og_site_name":"Nh\u00e0 c\u00e1i Happyluke Vietnam","article_modified_time":"2024-05-30T07:08:01+00:00","og_image":[{"url":"https:\/\/happylukeslots.com\/vn\/wp-content\/uploads\/2020\/09\/20200909123006-1024x104.jpg","type":"","width":"","height":""}],"twitter_card":"summary_large_image","twitter_misc":{"Est. reading time":"2 minutes"},"schema":{"@context":"https:\/\/schema.org","@graph":[{"@type":"WebPage","@id":"https:\/\/hapylukevn.com\/index.php\/rut-tien\/","url":"https:\/\/hapylukevn.com\/index.php\/rut-tien\/","name":"R\u00fat Ti\u1ec1n - Nh\u00e0 c\u00e1i Happyluke Vietnam","isPartOf":{"@id":"https:\/\/hapylukevn.com\/#website"},"primaryImageOfPage":{"@id":"https:\/\/hapylukevn.com\/index.php\/rut-tien\/#primaryimage"},"image":{"@id":"https:\/\/hapylukevn.com\/index.php\/rut-tien\/#primaryimage"},"thumbnailUrl":"https:\/\/happylukeslots.com\/vn\/wp-content\/uploads\/2020\/09\/20200909123006-1024x104.jpg","datePublished":"2020-09-29T08:58:59+00:00","dateModified":"2024-05-30T07:08:01+00:00","breadcrumb":{"@id":"https:\/\/hapylukevn.com\/index.php\/rut-tien\/#breadcrumb"},"inLanguage":"en-US","potentialAction":[{"@type":"ReadAction","target":["https:\/\/hapylukevn.com\/index.php\/rut-tien\/"]}]},{"@type":"ImageObject","inLanguage":"en-US","@id":"https:\/\/hapylukevn.com\/index.php\/rut-tien\/#primaryimage","url":"https:\/\/happylukeslots.com\/vn\/wp-content\/uploads\/2020\/09\/20200909123006-1024x104.jpg","contentUrl":"https:\/\/happylukeslots.com\/vn\/wp-content\/uploads\/2020\/09\/20200909123006-1024x104.jpg"},{"@type":"BreadcrumbList","@id":"https:\/\/hapylukevn.com\/index.php\/rut-tien\/#breadcrumb","itemListElement":[{"@type":"ListItem","position":1,"name":"Home","item":"https:\/\/hapylukevn.com\/"},{"@type":"ListItem","position":2,"name":"R\u00fat Ti\u1ec1n"}]},{"@type":"WebSite","@id":"https:\/\/hapylukevn.com\/#website","url":"https:\/\/hapylukevn.com\/","name":"Nh\u00e0 c\u00e1i Happyluke Vietnam","description":"TRANG CASINO ONLINE C\u00c1 \u0110\u1ed8 B\u00d3NG \u0110\u00c1 UY T\u00cdN V\u00c0 H\u1ee2P PH\u00c1P T\u1ea0I VI\u1ec6T NAM","potentialAction":[{"@type":"SearchAction","target":{"@type":"EntryPoint","urlTemplate":"https:\/\/hapylukevn.com\/?s={search_term_string}"},"query-input":{"@type":"PropertyValueSpecification","valueRequired":true,"valueName":"search_term_string"}}],"inLanguage":"en-US"}]}},"featured_image_src":null,"featured_image_src_square":null,"_links":{"self":[{"href":"https:\/\/hapylukevn.com\/index.php\/wp-json\/wp\/v2\/pages\/85","targetHints":{"allow":["GET"]}}],"collection":[{"href":"https:\/\/hapylukevn.com\/index.php\/wp-json\/wp\/v2\/pages"}],"about":[{"href":"https:\/\/hapylukevn.com\/index.php\/wp-json\/wp\/v2\/types\/page"}],"author":[{"embeddable":true,"href":"https:\/\/hapylukevn.com\/index.php\/wp-json\/wp\/v2\/users\/1"}],"replies":[{"embeddable":true,"href":"https:\/\/hapylukevn.com\/index.php\/wp-json\/wp\/v2\/comments?post=85"}],"version-history":[{"count":0,"href":"https:\/\/hapylukevn.com\/index.php\/wp-json\/wp\/v2\/pages\/85\/revisions"}],"wp:attachment":[{"href":"https:\/\/hapylukevn.com\/index.php\/wp-json\/wp\/v2\/media?parent=85"}],"curies":[{"name":"wp","href":"https:\/\/api.w.org\/{rel}","templated":true}]}}